1).
5
Let x(q) = -q**3 + 9*q**2 + 9*q + 4. Suppose -3*i + 32 = 2*u, 4*u = -41*i + 39*i + 48. Determine x(u).
-6
Let v(k) = 6*k - 8. Let s(n) = -15*n + 141. Let f be s(9). Calculate v(f).
28
Suppose 0 = 5*p - 4*p - 9. Let h be (-2)/3 - (-42)/p. Let i(r) = -45*r + 40*r + r**2 - r**2 + r**2. Determine i(h).
-4
Let c(p) be the third derivative of p**5/60 - p**4/3 + 5*p**3/6 - 2*p**2. Let l = 137 + -130. Give c(l).
-2
Suppose 2*n - 46 = 3*d, n - d = -2*d + 13. Let k(h) = n*h**2 - 12*h**2 - 3 - h - h**3 - 9*h**2. Calculate k(-4).
1
Let q(o) = 8*o**2 + o + 1. Suppose -23 + 17 = r. Let j be 1/(3/(-2)*(-4)/r). Calculate q(j).
8
Let n(u) = -u**3 + 12490 + 2*u**2 - 12505 - 7*u**2 + 13*u. Determine n(-7).
-8
Let d(u) = u**2 + 28*u + 48. Let q be d(-26). Let n(z) = -2*z**2 - 5*z - 3. Determine n(q).
-15
Let q(v) be the third derivative of v**5/60 - v**4/4 + v**3/3 + 3*v**2. Suppose -d = -5*d - 12. Let i be 2*d/1*-1. Calculate q(i).
2
Let f(m) = 8*m - 6*m**2 + 4*m**2 + 7 - 6*m**2 + m**3 + 0*m**3. Let p = -108 + 115. What is f(p)?
14
Let q be (3/(-2) + 2)*2. Let i(g) = -g**2. Let m(f) = -6*f**2 + f + 1. Let h(y) = q*m(y) - 5*i(y). Calculate h(4).
-11
Let g be 2 + (-4 + -5 - -3 - -6). Let h(l) = -3*l - 3. Calculate h(g).
-9
Suppose 28*w - 23*w - 10 = 0. Suppose -6 = 3*b - 6*b. Let h(v) = -v + 1 - v - b*v. What is h(w)?
-7
Suppose -5*i + i = 4. Let l be 10/(-4)*2*i. Let t(u) = 13*u**2 - 33*u + 13. Let x(o) = -3*o**2 + 8*o - 3. Let r(q) = -2*t(q) - 9*x(q). Determine r(l).
-4
Let q(s) = -7*s**3 + 12*s**2 + 17*s + 28. Let p(z) = -5*z**3 + 13*z**2 + 17*z + 28. Let i(v) = -4*p(v) + 3*q(v). Give i(-15).
2
Let d(w) = -25*w**2 + 26*w + 5. Let b(s) = 21*s**2 - 24*s - 6. Let j(f) = -6*b(f) - 5*d(f). Calculate j(14).
11
Suppose -q + 0*q = 0, -3*q = 4*v - 20. Suppose -3*a = -3*y - 12, v*y = -3*a + 4 - 0. Let h(o) = o - o**2 - 3*o + 4*o - 2. Give h(a).
-5
Let x be 1 - (-2)/3*(-264)/16. Let c(z) = -z**3 - 9*z**2 + 10*z - 3. What is c(x)?
-3
Let j(m) = -3*m**2 + 13*m + 19. Let a(f) = -4*f**2 + 13*f + 18. Let b(c) = 4*a(c) - 5*j(c). Determine b(-10).
7
Let n(r) = r**3 + 8*r**2 - 8*r - 12. Suppose 33*p - 4*p + 261 = 0. Calculate n(p).
-21
Suppose 12*f + 26 = x + 9*f, 5*x + f = 98. Let u(g) = -g**2 + 21*g - 24. Give u(x).
-4
Let w be (-60)/210 - (-20)/21. Let r(s) be the first derivative of -1 + 3*s + s**2 + w*s**3. What is r(-2)?
7
Let f = -1976 - -1979. Let l(h) = h**2 - 4 - 11*h + 23*h - 11*h. Give l(f).
8
Let f(m) = -m**2 - 5*m - 10. Let u(j) = -j**3 + 24*j**2 - 2*j + 41. Let h be u(24). Give f(h).
-24
Let k(n) be the first derivative of n**6/120 + n**5/12 + n**4/12 - n**3/2 + 9*n**2/2 + 6. Let a(j) be the second derivative of k(j). What is a(-4)?
5
Let v(p) be the first derivative of 8*p**3/3 - p**2/2 - 2*p - 320. Calculate v(2).
28
Let b(o) = -o**3 - 8*o**2 - 12*o + 5. Let r(m) = -20*m - 226. Let t be r(-11). Calculate b(t).
5
Let s(l) = 10 + 0*l**2 + l**2 + 6*l - 1 - 2*l**2. Let o(d) = -d**3 - 64*d**2 + 202*d + 74. Let g be o(-67). Calculate s(g).
2
Let y(c) = c**3 + c**2. Let m(q) = -6*q - 29. Let b be m(-6). Let g be -2 + b/3 + (-2)/(-3). Give y(g).
2
Let u(f) be the first derivative of -1/3*f**3 - 1/4*f**4 + 9 + 0*f**2 - 17*f. What is u(0)?
-17
Let d(u) = -6*u**3 - 103*u**2 + 7*u**3 + 105*u**2 - 2*u - 3. Suppose 3*q + 10 = -4*x - 14, 0 = x - q - 1. Calculate d(x).
-6
Let u(p) = -6 + 2 + 0 - 3*p. Let m(q) = -2*q**2 - 7*q + 63. Let t be m(4). Give u(t).
-13
Let u(r) be the first derivative of 1/4*r**4 - 5*r**2 + 11*r - 1 - 8/3*r**3. Calculate u(9).
2
Let b(l) = -l**3 + l**2 + l - 2. Suppose 4*i = -2*v + 14, -4*v + 8 = i + 3*i. Suppose 10 = 2*c, 2*c - i = 4*w + c. Give b(w).
-2
Let n(s) = -7*s**3 + 6*s**3 - 7*s**2 - 2*s + 3*s - 1 + 14*s**2. Calculate n(7).
6
Let g(i) be the first derivative of 2*i**3/3 + 23*i**2/2 + 14*i + 492. What is g(-11)?
3
Let a(b) = -b**3 + 10*b**2 - 9*b + 2. Let q be a(9). Suppose 3*n + 11 = w, 3*w + 5*n - q = -11. Let u(x) = -47*x + 54*x - 4 + x**w + 9. Calculate u(-5).
-5
Let x = 18 + -14. Suppose 5*g - 4*m - 20 = -7*m, -4*m = g - x. Suppose 2*j - 30 = -g*o, 2*j = -2*o + 4*j. Let a(r) = -r**2 + 5*r + 3. Determine a(o).
3
Let c(i) = 10*i**2 + 11*i + i**3 - 4*i**2 - 4*i - 7 - 9*i. Determine c(-6).
5
Let g be (-3473)/(-391) - 4/(-34). Let z(r) = -r**2 + 7*r + 8. Calculate z(g).
-10
Suppose -2*w = 3*l - 1, 10*l - 15*l = -w + 7. Let a(n) be the third derivative of 0 - 7/60*n**5 + n**3 + 2*n**w + 1/24*n**4 + 0*n - 1/120*n**6. What is a(-7)?
-1
Let k(i) = i**3 - 6*i**2 + 3. Let t be k(6). Let x(y) = -5*y**2 - 6 + 4*y**2 + t + 1 - 6*y. Give x(-4).
6
Let u(o) = -o**2 - 9*o - 2. Let i = 248 - 255. What is u(i)?
12
Let r(h) be the first derivative of h**2 + 4*h + 20. Give r(-3).
-2
Let q(r) = 3*r + 6. Let j(b) = 4*b + 0*b + 0 + 7. Let s(d) = -2*j(d) + 3*q(d). Suppose 3*i - 2*k = 6, -5*i + 0*i - 6 = 2*k. Calculate s(i).
4
Let n(r) be the second derivative of -r**5/20 - r**4/6 + r**3/3 - r**2/2 - 92*r. Determine n(2).
-13
Let r(u) = 4*u + 9. Let x(z) = -5*z**2 + z - 8*z**3 + 5*z**3 + 5*z**3 + 8*z**2. Let p be x(-2). Calculate r(p).
-15
Let s(c) = -c**3 + 3*c**2 + 3*c - 1. Let p(y) = y**2 - 10*y + 11. Let d be p(9). Suppose 4*t = 4*k - 0*t - 32, 0 = -d*t + 8. Let w = k - 10. Calculate s(w).
9
Let d = -43 - -64. Let i = 24 - d. Suppose 2*p + 2 = i*p + q, 2*p = 5*q - 10. Let f(t) = t**3 - t**2 - t - 4. What is f(p)?
-4
Let z(y) = y**3 - 4*y**2 - y - 1. Let l(c) = -2*c**3 - 4*c**2 - 8*c - 9. Let m(v) = -l(v) - z(v). Suppose 2*x + i + 27 = 9, 2*i = x - 1. Give m(x).
-4
Let d(v) = -34*v**3 + 15*v + 13. Let n(x) = -17*x**3 + 7*x + 6. Let c(y) = 6*d(y) - 13*n(y). Suppose -4108 = 19*h - 1562. Let p = h + 135. What is c(p)?
16
Let k = -29 - -21. Let m be 3/6 + 52/k. Let g(a) = 7*a + 10. Let h(i) = 4*i + 5. Let l(v) = -3*g(v) + 5*h(v). What is l(m)?
1
Let g(c) be the second derivative of c**5/20 - c**4/4 - c**3/6 + 3*c**2/2 - 6*c. Let u be 4*(3 + (-27)/12). What is g(u)?
0
Let s(j) = -26*j**2 + 13*j - 3. Let u(x) = -31*x**2 + 14*x - 3. Let i(d) = -6*s(d) + 5*u(d). Determine i(8).
3
Let y = -16 + 20. Let v(a) = 4*a - 2. Let m be v(1). Let i(h) = -2*h + m*h + 3 + 2 - 4*h. Determine i(y).
-11
Let q(i) = 11*i - 7*i - 7*i - 1. Let y(k) = 3*k + 4 - 1 - 1. Let l(x) = -3*q(x) - 2*y(x). What is l(4)?
11
Let v(y) = -19 + 6*y + 6 - 3*y - 2*y. Let b(x) = -x**3 - 10*x**2 - 11*x - 8. Let h be b(-9). Determine v(h).
-3
Suppose 74*b - 4 = 73*b. Let a(l) be the first derivative of l**5/60 - 5*l**4/24 - l**2/2 - 1. Let k(p) be the second derivative of a(p). Calculate k(b).
-4
Let z(y) = 3*y - 5. Let s(p) = -4*p + 4. Let n(x) = -4*s(x) - 5*z(x). Let m(q) = 2*q + 7. Let t(i) = 4*m(i) - 3*n(i). What is t(-2)?
-9
Let o(p) = -6*p - 1. Let x(r) = r. Let n(c) = -c**3 - 17*c**2 + 17*c - 19. Let s be n(-18). Let v(d) = s*o(d) + x(d). Calculate v(-1).
-6
Let h = 1080 - 1082. Let a(p) = 15*p**2 - 1. Give a(h).
59
Let m(g) = -g**2 - 7*g + 8. Let p be m(-8). Suppose 5*i + 3*c = -0*c + 7, 2*i + 3*c - 1 = p. Let f(d) = -4*d + 3*d + 2*d - 1. Give f(i).
1
Let p(g) = -g**3 - 5*g**2 + 4*g + 5. Let j be (1 - -1 - -2)/(15/150). Let f = j + -46. What is p(f)?
17
Let p(z) = 3*z**3 + 7*z**2 + 7*z - 14. Let v(u) = -4*u**3 - 7*u**2 - 7*u + 16. Let b(r) = -3*p(r) - 2*v(r). What is b(-5)?
-5
Let v(s) = -18*s + 3*s - 4 - s**3 + 0*s**3 + 5*s**2 + 23*s - 3. Give v(6).
5
Let n(a) = -2*a**2 - 6*a + 5. Let x be (10/8)/(49/28 + -2). What is n(x)?
-15
Let p(r) be the third derivative of -r**5/60 - r**4/24 - 2*r**3/3 + 4*r**2. Let s be 2/(-8) - (-85)/4. Let z = 18 - s. Calculate p(z).
-10
Let z(h) = 7 + 646*h - 325*h - 334*h. Determine z(5).
-58
Let i(x) be the first derivative of 1 + 1/2*x**2 - 1/3*x**3 + 0*x. Calculate i(-4).
-20
Let i(l) = -9*l + 3*l**2 + 0*l**2 - 3 - 4*l**2. Suppose -4*m = -66*m - 372. Give i(m).
15
Let b(n) = -39*n**2 - 4*n + 13. Let d(a) = -9*a**2 - a + 3. Let q(p) = -2*b(p) + 9*d(p). Give q(1).
-3
Let q be -1*((-7 - (-6 + 3)) + 2). Let f(p) = -9*p + 5. Give f(q).
-13
Let y be -8 + 19 + 0 + -5. Let p be 7*4/56*(0 + y). Let r(a) = a**2 - 9*a + 1. Let s(g) = -g + 1. Let k(q) = -r(q) + 5*s(q). Determine k(p).
7
Let m = -4253 - -4248. Let q(o) = -7. Let d(p) = p - 7. Let l(w) = 2*d(w) - 3*q(w). Calculate l(m).
-3
Let s(v) = -2*v + 7. Let f be 1*(1 + -1 + 0). What is s(f)?
7
Suppose 41 + 9 = 5*q. Su